alculate the highest common factor of 18349 and 3421.
311
Calculate the highest common divisor of 9286332 and 12.
12
What is the highest common factor of 866502 and 27?
9
What is the highest common divisor of 531862 and 17?
17
What is the highest common divisor of 35834 and 92?
46
Calculate the highest common factor of 6170 and 3460.
10
Calculate the greatest common divisor of 34692 and 2832.
708
What is the highest common divisor of 424 and 54272?
424
Calculate the highest common divisor of 4361 and 4628.
89
What is the highest common factor of 238056 and 21?
21
Calculate the highest common divisor of 18 and 74511.
9
Calculate the highest common divisor of 590965 and 4571.
653
Calculate the greatest common divisor of 8280 and 12834.
414
What is the greatest common divisor of 4848 and 2316?
12
Calculate the greatest common factor of 175704 and 12.
12
What is the highest common factor of 6489 and 117?
9
Calculate the highest common divisor of 1519 and 49600.
31
Calculate the greatest common factor of 64 and 154688.
64
Calculate the highest common divisor of 109140 and 420.
60
What is the highest common divisor of 683960 and 160?
40
What is the greatest common factor of 29213 and 655?
131
Calculate the highest common factor of 4288 and 43751.
67
Calculate the highest common factor of 183800 and 300.
100
What is the greatest common factor of 96 and 1383712?
32
Calculate the highest common divisor of 10054 and 341.
11
What is the highest common divisor of 13786 and 2135?
61
Calculate the greatest common factor of 44070 and 7020.
390
Calculate the greatest common factor of 62 and 3317.
31
What is the greatest common factor of 187693 and 452?
113
Calculate the greatest common divisor of 924 and 7414.
22
Calculate the highest common factor of 364498 and 124.
62
Calculate the highest common factor of 1419138 and 13230.
882
Calculate the highest common factor of 3554447 and 91.
13
What is the greatest common factor of 613934 and 82?
82
What is the greatest common divisor of 51 and 468?
3
Calculate the highest common divisor of 144 and 16461.
9
What is the greatest common factor of 607 and 17?
1
Calculate the greatest common divisor of 160 and 6320.
80
Calculate the highest common divisor of 882 and 592263.
441
Calculate the highest common factor of 202 and 70498.
202
What is the highest common divisor of 60318 and 276?
6
What is the greatest common factor of 3625 and 23780?
145
What is the highest common factor of 128304 and 4400?
176
Calculate the greatest common divisor of 210 and 4816.
14
What is the highest common factor of 6896 and 10496?
16
Calculate the greatest common factor of 84 and 579.
3
Calculate the highest common divisor of 3858 and 498.
6
What is the greatest common divisor of 44 and 73436?
44
What is the greatest common factor of 136404 and 63504?
324
Calculate the highest common divisor of 52083 and 18.
9
What is the highest common divisor of 3287 and 24738?
19
What is the greatest common factor of 201 and 8308?
67
What is the greatest common factor of 144552 and 171?
57
What is the greatest common factor of 113364 and 188?
188
Calculate the highest common factor of 15 and 58085.
5
What is the highest common factor of 36 and 13338?
18
What is the greatest common factor of 33 and 338943?
33
Calculate the highest common divisor of 2528 and 1559144.
632
What is the highest common divisor of 1111 and 11363?
11
Calculate the greatest common factor of 87 and 2859574.
29
Calculate the highest common divisor of 7527 and 12352.
193
What is the highest common divisor of 16370 and 190?
10
What is the highest common factor of 59520 and 1536?
384
What is the greatest common divisor of 536 and 1912?
8
Calculate the greatest common factor of 1848 and 742.
14
Calculate the greatest common factor of 4 and 330890.
2
Calculate the greatest common factor of 636 and 732.
12
What is the greatest common factor of 6640 and 1060?
20
What is the greatest common factor of 5168 and 34238?
646
Calculate the highest common factor of 23178 and 36.
6
Calculate the highest common factor of 1884 and 11775.
471
Calculate the greatest common divisor of 7872 and 9102.
246
What is the highest common factor of 305625 and 1630?
815
Calculate the highest common divisor of 12 and 4878096.
12
Calculate the highest common divisor of 388 and 1274774.
194
Calculate the highest common factor of 416 and 34879.
13
What is the highest common divisor of 34996 and 36?
4
What is the highest common divisor of 17 and 90134?
17
What is the greatest common divisor of 226037 and 2744?
343
What is the highest common divisor of 1662082 and 458?
458
Calculate the greatest common factor of 132 and 8646.
66
What is the greatest common factor of 42493 and 275?
11
Calculate the highest common divisor of 11223 and 2088.
261
Calculate the highest common factor of 170824 and 4727.
163
What is the greatest common factor of 48928 and 154?
22
What is the greatest common divisor of 30 and 33162?
6
What is the greatest common factor of 976 and 95168?
16
What is the highest common divisor of 781249 and 26096?
1631
What is the greatest common divisor of 1885691 and 17?
17
Calculate the highest common factor of 124 and 33046.
62
Calculate the highest common factor of 151 and 207323.
151
What is the highest common divisor of 484210 and 410?
410
Calculate the highest common divisor of 635 and 2490.
5
What is the greatest common divisor of 92644 and 49381?
437
What is the highest common divisor of 528 and 2388936?
264
Calculate the highest common factor of 1122 and 116382.
102
Calculate the highest common divisor of 1350 and 764910.
270
What is the highest common factor of 8385 and 5891?
43
Calculate the greatest common factor of 239621 and 83.
83
Calculate the highest common factor of 4241328 and 5824.
1456
Calculate the greatest common divisor of 765544 and 52.
52
Calculate the greatest common factor of 12 and 1509.
3
What is the greatest common divisor of 132 and 113322?
66
Calculate the greatest common divisor of 6548 and 1402909.
1637
What is the highest common divisor of 2009 and 3075?
41
What is the highest common factor of 31704 and 120?
24
Calculate the greatest common divisor of 663 and 1547.
221
What is the highest common divisor of 2992522 and 1074?
358
Calculate the highest common divisor of 15707 and 791.
113
Calculate the highest common divisor of 1422 and 41733.
9
What is the highest common factor of 16225 and 23128?
59
What is the greatest common factor of 9 and 33883?
1
What is the highest common divisor of 13518 and 144?
18
Calculate the highest common divisor of 88711 and 1197.
133
Calculate the highest common factor of 884 and 3304.
4
Calculate the greatest common factor of 2052 and 148536.
36
What is the greatest common factor of 122892 and 36?
12
What is the greatest common divisor of 6757426 and 494?
494
Calculate the greatest common divisor of 76950 and 241650.
1350
What is the highest common divisor of 481 and 140859?
37
What is the highest common divisor of 298 and 489167?
149
Calculate the greatest common factor of 194 and 20.
2
Calculate the highest common divisor of 343275 and 125.
25
Calculate the highest common divisor of 1249445 and 15565.
1415
What is the greatest common divisor of 378 and 39879?
189
What is the highest common divisor of 322 and 3910?
46
Calculate the highest common factor of 153824 and 209.
209
What is the highest common factor of 29356 and 164?
164
What is the greatest common divisor of 652 and 286228?
652
What is the highest common factor of 4656 and 17169?
291
Calculate the greatest common divisor of 7720 and 120.
40
Calculate the highest common factor of 4000 and 3016.
8
What is the greatest common factor of 4066 and 4598?
38
Calculate the highest common divisor of 1419 and 8448.
33
What is the greatest common factor of 20 and 156995?
5
What is the highest common factor of 16 and 16976?
16
Calculate the highest common factor of 1353 and 79893.
33
Calculate the highest common factor of 462 and 285681.
33
What is the greatest common factor of 69240 and 720?
120
What is the greatest common divisor of 169927 and 3385?
677
What is the greatest common divisor of 12741 and 67332?
93
What is the greatest common factor of 24153 and 3486?
249
Calculate the great